d by 46.
14
Calculate the remainder when 51 is divided by 31.
20
What is the remainder when 15955 is divided by 81?
79
What is the remainder when 1034 is divided by 14?
12
Calculate the remainder when 113 is divided by 41.
31
Calculate the remainder when 1041 is divided by 4.
1
What is the remainder when 98 is divided by 34?
30
Calculate the remainder when 58 is divided by 5.
3
What is the remainder when 425 is divided by 108?
101
Calculate the remainder when 35311 is divided by 16.
15
What is the remainder when 4282 is divided by 36?
34
Calculate the remainder when 494 is divided by 33.
32
What is the remainder when 1651 is divided by 212?
167
Calculate the remainder when 113 is divided by 97.
16
Calculate the remainder when 142 is divided by 63.
16
What is the remainder when 1441 is divided by 287?
6
Calculate the remainder when 4322 is divided by 76.
66
What is the remainder when 518 is divided by 23?
12
Calculate the remainder when 353 is divided by 171.
11
What is the remainder when 193 is divided by 50?
43
Calculate the remainder when 623 is divided by 153.
11
What is the remainder when 199 is divided by 35?
24
What is the remainder when 308 is divided by 10?
8
What is the remainder when 8974 is divided by 132?
130
Calculate the remainder when 2894 is divided by 31.
11
Calculate the remainder when 3373 is divided by 12.
1
Calculate the remainder when 295 is divided by 75.
70
What is the remainder when 217 is divided by 32?
25
What is the remainder when 55 is divided by 7?
6
Calculate the remainder when 554 is divided by 51.
44
What is the remainder when 250 is divided by 84?
82
Calculate the remainder when 151 is divided by 7.
4
What is the remainder when 57 is divided by 23?
11
What is the remainder when 120 is divided by 94?
26
Calculate the remainder when 229 is divided by 73.
10
Calculate the remainder when 1437 is divided by 180.
177
What is the remainder when 288 is divided by 145?
143
Calculate the remainder when 1208 is divided by 153.
137
What is the remainder when 48 is divided by 9?
3
Calculate the remainder when 347 is divided by 89.
80
What is the remainder when 2612 is divided by 21?
8
Calculate the remainder when 94 is divided by 1.
0
What is the remainder when 539 is divided by 32?
27
What is the remainder when 1277 is divided by 183?
179
Calculate the remainder when 16762 is divided by 127.
125
What is the remainder when 182 is divided by 9?
2
What is the remainder when 117 is divided by 53?
11
What is the remainder when 182 is divided by 34?
12
Calculate the remainder when 356 is divided by 40.
36
What is the remainder when 227 is divided by 105?
17
Calculate the remainder when 1996 is divided by 54.
52
What is the remainder when 1055 is divided by 152?
143
What is the remainder when 321 is divided by 211?
110
What is the remainder when 2656 is divided by 266?
262
What is the remainder when 134 is divided by 57?
20
What is the remainder when 311 is divided by 311?
0
Calculate the remainder when 170 is divided by 33.
5
Calculate the remainder when 238 is divided by 203.
35
Calculate the remainder when 144 is divided by 10.
4
What is the remainder when 232 is divided by 178?
54
What is the remainder when 59 is divided by 38?
21
Calculate the remainder when 79 is divided by 32.
15
Calculate the remainder when 1069 is divided by 178.
1
What is the remainder when 373 is divided by 94?
91
Calculate the remainder when 61 is divided by 12.
1
What is the remainder when 2864 is divided by 23?
12
What is the remainder when 319 is divided by 57?
34
What is the remainder when 25 is divided by 16?
9
Calculate the remainder when 1378 is divided by 92.
90
Calculate the remainder when 256 is divided by 87.
82
What is the remainder when 321 is divided by 63?
6
What is the remainder when 1513 is divided by 41?
37
Calculate the remainder when 1595 is divided by 38.
37
Calculate the remainder when 200 is divided by 17.
13
Calculate the remainder when 2228 is divided by 66.
50
Calculate the remainder when 1145 is divided by 75.
20
Calculate the remainder when 181 is divided by 64.
53
What is the remainder when 326 is divided by 22?
18
Calculate the remainder when 982 is divided by 165.
157
What is the remainder when 3781 is divided by 39?
37
Calculate the remainder when 163 is divided by 84.
79
Calculate the remainder when 1147 is divided by 1129.
18
What is the remainder when 366 is divided by 105?
51
What is the remainder when 182 is divided by 27?
20
Calculate the remainder when 40 is divided by 34.
6
What is the remainder when 276 is divided by 71?
63
Calculate the remainder when 175 is divided by 161.
14
Calculate the remainder when 1055 is divided by 121.
87
What is the remainder when 111 is divided by 19?
16
What is the remainder when 41 is divided by 7?
6
What is the remainder when 35 is divided by 6?
5
What is the remainder when 595 is divided by 50?
45
Calculate the remainder when 797 is divided by 262.
11
What is the remainder when 2810 is divided by 97?
94
What is the remainder when 807 is divided by 9?
6
What is the remainder when 2070 is divided by 148?
146
Calculate the remainder when 206 is divided by 32.
14
Calculate the remainder when 1053 is divided by 245.
73
What is the remainder when 2428 is divided by 804?
16
Calculate the remainder when 251 is divided by 63.
62
Calculate the remainder when 25541 is divided by 18.
17
What is the remainder when 73 is divided by 23?
4
Calculate the remainder when 369 is divided by 90.
9
What is the remainder when 29 is divided by 3?
2
Calculate the remainder when 193 is divided by 20.
13
Calculate the remainder when 2782 is divided by 397.
3
Calculate the remainder when 1752 is divided by 9.
6
Calculate the remainder when 83 is divided by 11.
6
What is the remainder when 257 is divided by 30?
17
Calculate the remainder when 882 is divided by 209.
46
Calculate the remainder when 601 is divided by 118.
11
What is the remainder when 1522 is divided by 346?
138
What is the remainder when 475 is divided by 40?
35
What is the remainder when 178 is divided by 65?
48
Calculate the remainder when 5025 is divided by 6.
3
What is the remainder when 6 is divided by 3?
0
What is the remainder when 21790 is divided by 48?
46
What is the remainder when 25 is divided by 6?
1
What is the remainder when 1805 is divided by 90?
5
Calculate the remainder when 131 is divided by 56.
19
Calculate the remainder when 754 is divided by 76.
70
Calculate the remainder when 446 is divided by 3.
2
Calculate the remainder when 174 is divided by 45.
39
Calculate the remainder when 63 is divided by 26.
11
What is the remainder when 222 is divided by 61?
39
Calculate the remainder when 2993 is divided by 111.
107
What is the remainder when 12846 is divided by 29?
28
Calculate the remainder when 1997 is divided by 54.
53
Calculate the remainder when 294 is divided by 100.
94
What is the remainder when 4325 is divided by 3?
2
Calculate the remainder when 2788 is divided by 21.
16
What is the remainder when 259 is divided by 35?
14
What is the remainder when 408 is divided by 41?
39
What is the remainder when 1817 is divided by 303?
302
What is the remainder when 1736 is divided by 27?
8
What is the remainder when 414 is divided by 16?
14
What is the remainder when 20683 is divided by 16?
11
Calculate the remainder when 28 is divided by 16.
12
Calculate the remainder when 14487 is divided by 42.
39
What is the remainder when 163 is divided by 82?
81
Calculate the remainder when 848 is divided by 122.
116
What is the remainder when 148 is divided by 27?
13
What is the remainder when 20 is divided by 11?
9
Calculate the remainder when 2661 is divided by 530.
11
Calculate the remainder when 4258 is divided by 6.
4
Calculate the remainder when 432 is divided by 61.
5
What is the remainder when 517 is divided by 87?
82
Calculate the remainder when 3517 is divided by 703.
2
What is the remainder when 5042 is divided by 123?
122
Calculate the remainder when 98 is divided by 34.
30
What is the remainder when 548 is divided by 92?
88
What is the remainder when 5912 is divided by 1965?
17
Calculate the remainder when 44 is divided by 13.
5
What is the remainder when 68 is divided by 45?
23
What is the remainder when 124 is divide